What are the prime factors of 68156330?
2, 5, 11, 619603
What are the prime factors of 35920346?
2, 7, 11, 41, 5689
List the prime factors of 9148944403.
67, 136551409
List the prime factors of 44208077.
31, 1426067
What are the prime factors of 323490011?
13, 24883847
List the prime factors of 1479448812.
2, 3, 123287401
What are the prime factors of 52630187?
23, 1483, 1543
What are the prime factors of 1346262344?
2, 7, 24040399
What are the prime factors of 1495049135?
5, 299009827
What are the prime factors of 99503800?
2, 5, 11, 31, 1459
What are the prime factors of 75257732?
2, 11, 1710403
List the prime factors of 6805931.
11, 103, 6007
List the prime factors of 23415316.
2, 1171, 4999
What are the prime factors of 3371738853?
3, 7, 29, 41, 101, 191
What are the prime factors of 441572843?
107, 109, 37861
List the prime factors of 185185043.
599, 309157
List the prime factors of 1032917963.
7, 11, 13414519
List the prime factors of 210514610.
2, 5, 21051461
What are the prime factors of 161881355?
5, 571, 56701
What are the prime factors of 946943994?
2, 3, 23, 6861913
What are the prime factors of 5154589948?
2, 373, 3454819
What are the prime factors of 5331659?
17, 31, 67, 151
List the prime factors of 1673681070.
2, 3, 5, 55789369
List the prime factors of 583801338.
2, 3, 2239, 43457
List the prime factors of 762358634.
2, 31, 12296107
What are the prime factors of 472705217?
3371, 140227
List the prime factors of 29450564.
2, 11, 13, 51487
What are the prime factors of 5709227304?
2, 3, 11, 43, 137, 3671
What are the prime factors of 559523332?
2, 29, 53, 91009
What are the prime factors of 2461897?
23, 29, 3691
List the prime factors of 1214286381.
3, 7, 11, 41, 42737
List the prime factors of 69615982.
2, 431, 80761
List the prime factors of 426701126.
2, 19, 43, 6073
What are the prime factors of 2183100596?
2, 41, 13311589
List the prime factors of 430302083.
430302083
What are the prime factors of 179710421?
11, 41, 398471
List the prime factors of 1730746194.
2, 3, 113, 1277, 1999
List the prime factors of 16312238.
2, 1163, 7013
List the prime factors of 3098742168.
2, 3, 129114257
List the prime factors of 154408350.
2, 3, 5, 947, 1087
List the prime factors of 68422202.
2, 43, 757, 1051
What are the prime factors of 122521141?
122521141
What are the prime factors of 400451236?
2, 100112809
List the prime factors of 2581778398.
2, 1013, 1274323
List the prime factors of 233918923.
7, 33416989
List the prime factors of 4909484.
2, 283, 4337
List the prime factors of 324111034.
2, 13, 12465809
What are the prime factors of 1286308652?
2, 79, 317, 12841
List the prime factors of 145542588.
2, 3, 941, 12889
What are the prime factors of 183907144?
2, 257, 89449
List the prime factors of 73707568.
2, 11, 418793
List the prime factors of 10986869.
349, 31481
What are the prime factors of 145636578?
2, 3, 859, 9419
List the prime factors of 168029206.
2, 84014603
List the prime factors of 117866682.
2, 3, 37, 176977
List the prime factors of 611542401.
3, 29, 37, 6551
What are the prime factors of 52690885?
5, 13, 61, 97, 137
What are the prime factors of 5903608?
2, 139, 5309
List the prime factors of 192329571.
3, 7, 19, 482029
What are the prime factors of 710179822?
2, 11, 79, 401, 1019
What are the prime factors of 422596049?
1181, 357829
List the prime factors of 141571126.
2, 70785563
What are the prime factors of 240681971?
17, 47, 227, 1327
What are the prime factors of 345308353?
13, 26562181
What are the prime factors of 1206042685?
5, 173, 1394269
List the prime factors of 11078911.
71, 156041
List the prime factors of 196271334.
2, 3, 7, 1557709
What are the prime factors of 6643412189?
31, 1511, 141829
List the prime factors of 7846044441.
3, 23, 199, 241, 2371
What are the prime factors of 122542420?
2, 5, 7, 11, 13, 6121
What are the prime factors of 2309932183?
13, 177687091
List the prime factors of 108011654.
2, 59, 915353
List the prime factors of 1791912529.
11, 113, 1441603
List the prime factors of 684620820.
2, 3, 5, 13, 292573
What are the prime factors of 30973056?
2, 3, 79, 1021
What are the prime factors of 119930645?
5, 197, 313, 389
List the prime factors of 36014261.
36014261
List the prime factors of 511299627.
3, 43, 233, 17011
What are the prime factors of 92615422?
2, 17, 139, 19597
List the prime factors of 2549465839.
4073, 625943
What are the prime factors of 12989243?
643, 20201
List the prime factors of 52717323.
3, 17, 419, 2467
What are the prime factors of 450118206?
2, 3, 25006567
What are the prime factors of 2152126300?
2, 5, 21521263
What are the prime factors of 363178107?
3, 29, 463829
List the prime factors of 1399740489.
3, 7, 31, 716713
List the prime factors of 14735027.
14735027
What are the prime factors of 4138725218?
2, 73, 577, 673
List the prime factors of 3924677561.
7, 29, 19333387
List the prime factors of 642468390.
2, 3, 5, 1783, 12011
What are the prime factors of 1260950443?
1123, 1122841
What are the prime factors of 341497330?
2, 5, 23, 29, 51199
What are the prime factors of 2130909229?
2130909229
List the prime factors of 2443456911.
3, 7, 23, 5058917
What are the prime factors of 1224589824?
2, 3, 19, 71, 197
What are the prime factors of 6135775080?
2, 3, 5, 503, 101653
List the prime factors of 26550368.
2, 13, 63823
List the prime factors of 48299646.
2, 3, 421, 19121
What are the prime factors of 6653171?
7, 17, 163
What are the prime factors of 144925433?
181, 800693
List the prime factors of 330266470.
2, 5, 33026647
List the prime factors of 36127308.
2, 3, 7, 61441
What are the prime factors of 3779478535?
5, 7, 109, 307, 461
What are the prime factors of 416438592?
2, 3, 2168951
What are the prime factors of 5334038?
2, 2667019
List the prime factors of 5433561.
3, 7, 37
What are the prime factors of 4487625?
3, 5, 3989
List the prime factors of 2442962375.
5, 7, 67, 5953
What are the prime factors of 185287160?
2, 5, 47, 67, 1471
What are the prime factors of 84560024?
2, 1657, 6379
List the prime factors of 6674743498.
2, 3337371749
List the prime factors of 64900385.
5, 11, 907, 1301
What are the prime factors of 1236769474?
2, 37, 941, 17761
List the prime factors of 338733995.
5, 19, 23, 155027
List the prime factors of 62554794.
2, 3, 10425799
List the prime factors of 255744853.
7, 13, 127, 22129
What are the prime factors of 45142006?
2, 7, 13, 248033
What are the prime factors of 1329599483?
1329599483
What are the prime factors of 1669617908?
2, 7, 41, 1454371
List the prime factors of 246782755.
5, 23, 2145937
List the prime factors of 47821732.
2, 7, 1707919
List the prime factors of 52033385.
5, 1171, 8887
List the prime factors of 146471896.
2, 18308987
What are the prime factors of 31736146?
2, 13, 383, 3187
List the prime factors of 14848145.
5, 13, 29, 7877
List the prime factors of 153656504.
2, 19207063
What are the prime factors of 90448667?
90448667
List the prime factors of 7253151.
3, 2417717
List the prime factors of 955965640.
2, 5, 7, 3414163
What are the prime factors of 432660313?
1187, 364499
List the prime factors of 51908949.
3, 1151, 5011
List the prime factors of 48659918.
2, 43, 565813
What are the prime factors of 70150941?
3, 7, 59, 233
What are the prime factors of 31406244?
2, 3, 2617187
List the prime factors of 337909505.
5, 1553, 43517
What are the prime factors of 112092706?
2, 11, 479, 967
What are the prime factors of 35712856?
2, 19, 47, 4999
What are the prime factors of 103061208?
2, 3, 17, 41, 61, 101
List the prime factors of 94789593.
3, 10532177
What are the prime factors of 259524546?
2, 3, 43254091
List the prime factors of 1755211584.
2, 3, 7, 1305961
What are the prime factors of 179801409?
3, 73, 107, 7673
What are the prime factors of 88676848?
2, 13, 426331
What are the prime factors of 1052122686?
2, 3, 5171, 33911
What are the prime factors of 885076386?
2, 3, 23, 6413597
List the prime factors of 65051888.
2, 11, 31, 11923
List the prime factors of 1590450742.
2, 17, 46777963
What are the prime factors of 297712733?
297712733
List the prime factors of 72013799.
11, 13, 503593
What are the prime factors of 25572767?
11, 197, 11801
What are the prime factors of 2870925079?
11, 157, 1662